{"id":59,"date":"2025-11-26T14:13:15","date_gmt":"2025-11-26T14:13:15","guid":{"rendered":"https:\/\/escolaconfessional.com\/?page_id=59"},"modified":"2025-12-10T17:29:44","modified_gmt":"2025-12-10T20:29:44","slug":"unidades","status":"publish","type":"page","link":"https:\/\/escolaconfessional.com\/?page_id=59","title":{"rendered":"Unidades"},"content":{"rendered":"\t\t<div data-elementor-type=\"wp-page\" data-elementor-id=\"59\" class=\"elementor elementor-59\" data-elementor-post-type=\"page\">\n\t\t\t\t<div class=\"elementor-element elementor-element-701faf2 e-con-full e-flex e-con e-parent\" data-id=\"701faf2\" data-element_type=\"container\" data-e-type=\"container\" data-settings=\"{&quot;background_background&quot;:&quot;classic&quot;}\">\n\t\t\t\t<div class=\"elementor-element elementor-element-0914b8d elementor-widget elementor-widget-spacer\" data-id=\"0914b8d\" data-element_type=\"widget\" data-e-type=\"widget\" data-widget_type=\"spacer.default\">\n\t\t\t\t\t\t\t<div class=\"elementor-spacer\">\n\t\t\t<div class=\"elementor-spacer-inner\"><\/div>\n\t\t<\/div>\n\t\t\t\t\t\t<\/div>\n\t\t\t\t<div class=\"elementor-element elementor-element-f989fd7 elementor-widget elementor-widget-heading\" data-id=\"f989fd7\" data-element_type=\"widget\" data-e-type=\"widget\" data-widget_type=\"heading.default\">\n\t\t\t\t\t<h2 class=\"elementor-heading-title elementor-size-default\">Unidade Paulo VI <\/h2>\t\t\t\t<\/div>\n\t\t\t\t<div class=\"elementor-element elementor-element-a61b5bf elementor-widget__width-initial elementor-widget elementor-widget-text-editor\" data-id=\"a61b5bf\" data-element_type=\"widget\" data-e-type=\"widget\" data-widget_type=\"text-editor.default\">\n\t\t\t\t\t\t\t\t\t<p data-start=\"259\" data-end=\"598\">Localizada no cora\u00e7\u00e3o de Embu das Artes, a unidade Paulo VI est\u00e1 em uma regi\u00e3o central, de f\u00e1cil acesso e muito conhecida pelas fam\u00edlias da cidade. Um espa\u00e7o pensado para oferecer seguran\u00e7a, acolhimento e qualidade no aprender com ambientes preparados para cada etapa e uma equipe que acompanha de perto o desenvolvimento dos alunos.<\/p>\t\t\t\t\t\t\t\t<\/div>\n\t\t\t\t<div class=\"elementor-element elementor-element-f52f91a elementor-button-info elementor-widget elementor-widget-button\" data-id=\"f52f91a\" data-element_type=\"widget\" data-e-type=\"widget\" data-widget_type=\"button.default\">\n\t\t\t\t\t\t\t\t\t\t<a class=\"elementor-button elementor-button-link elementor-size-sm elementor-animation-pulse\" href=\"https:\/\/siga02.activesoft.com.br\/captacao_alunos\/?codigo=ESCOLACONFESSIONAL&#038;unidade=3\">\n\t\t\t\t\t\t<span class=\"elementor-button-content-wrapper\">\n\t\t\t\t\t\t\t\t\t<span class=\"elementor-button-text\">AGENDAR VISITA<\/span>\n\t\t\t\t\t<\/span>\n\t\t\t\t\t<\/a>\n\t\t\t\t\t\t\t\t<\/div>\n\t\t\t\t<div class=\"elementor-element elementor-element-1b56a4d elementor-widget elementor-widget-google_maps\" data-id=\"1b56a4d\" data-element_type=\"widget\" data-e-type=\"widget\" data-widget_type=\"google_maps.default\">\n\t\t\t\t\t\t\t<div class=\"elementor-custom-embed\">\n\t\t\t<iframe loading=\"lazy\"\n\t\t\t\t\tsrc=\"https:\/\/maps.google.com\/maps?q=R.%20Alexandre%20Kadunc%2C%20240%20-%20Centro%2C%20Embu%20das%20Artes%20-%20SP%2C%2006803-045&#038;t=m&#038;z=16&#038;output=embed&#038;iwloc=near\"\n\t\t\t\t\ttitle=\"R. Alexandre Kadunc, 240 - Centro, Embu das Artes - SP, 06803-045\"\n\t\t\t\t\taria-label=\"R. Alexandre Kadunc, 240 - Centro, Embu das Artes - SP, 06803-045\"\n\t\t\t><\/iframe>\n\t\t<\/div>\n\t\t\t\t\t\t<\/div>\n\t\t\t\t<\/div>\n\t\t<div class=\"elementor-element elementor-element-e1ea13d e-con-full e-flex e-con e-parent\" data-id=\"e1ea13d\" data-element_type=\"container\" data-e-type=\"container\" data-settings=\"{&quot;background_background&quot;:&quot;classic&quot;}\">\n\t\t\t\t<div class=\"elementor-element elementor-element-ff8f9fa elementor-widget elementor-widget-spacer\" data-id=\"ff8f9fa\" data-element_type=\"widget\" data-e-type=\"widget\" data-widget_type=\"spacer.default\">\n\t\t\t\t\t\t\t<div class=\"elementor-spacer\">\n\t\t\t<div class=\"elementor-spacer-inner\"><\/div>\n\t\t<\/div>\n\t\t\t\t\t\t<\/div>\n\t\t\t\t<div class=\"elementor-element elementor-element-62c6c3c elementor-widget elementor-widget-heading\" data-id=\"62c6c3c\" data-element_type=\"widget\" data-e-type=\"widget\" data-widget_type=\"heading.default\">\n\t\t\t\t\t<h2 class=\"elementor-heading-title elementor-size-default\">Unidade Monza<\/h2>\t\t\t\t<\/div>\n\t\t\t\t<div class=\"elementor-element elementor-element-7b4c591 elementor-widget__width-initial elementor-widget elementor-widget-text-editor\" data-id=\"7b4c591\" data-element_type=\"widget\" data-e-type=\"widget\" data-widget_type=\"text-editor.default\">\n\t\t\t\t\t\t\t\t\t<p>Localizada no Jardim Santo Eduardo, a unidade Monza \u00e9 refer\u00eancia em educa\u00e7\u00e3o particular em Embu das Artes. Um espa\u00e7o preparado para receber as crian\u00e7as com seguran\u00e7a, acolhimento e estrutura completa da Educa\u00e7\u00e3o Infantil ao Ensino Fundamental mantendo a mesma ess\u00eancia de cuidado e prop\u00f3sito que sempre marcaram nossa escola..<\/p>\t\t\t\t\t\t\t\t<\/div>\n\t\t\t\t<div class=\"elementor-element elementor-element-753a6b4 elementor-button-info elementor-widget elementor-widget-button\" data-id=\"753a6b4\" data-element_type=\"widget\" data-e-type=\"widget\" data-widget_type=\"button.default\">\n\t\t\t\t\t\t\t\t\t\t<a class=\"elementor-button elementor-button-link elementor-size-sm elementor-animation-pulse\" href=\"https:\/\/siga02.activesoft.com.br\/captacao_alunos\/?codigo=ESCOLACONFESSIONAL&#038;unidade=1\">\n\t\t\t\t\t\t<span class=\"elementor-button-content-wrapper\">\n\t\t\t\t\t\t\t\t\t<span class=\"elementor-button-text\">AGENDAR VISITA<\/span>\n\t\t\t\t\t<\/span>\n\t\t\t\t\t<\/a>\n\t\t\t\t\t\t\t\t<\/div>\n\t\t\t\t<div class=\"elementor-element elementor-element-5fc5039 elementor-widget elementor-widget-google_maps\" data-id=\"5fc5039\" data-element_type=\"widget\" data-e-type=\"widget\" data-widget_type=\"google_maps.default\">\n\t\t\t\t\t\t\t<div class=\"elementor-custom-embed\">\n\t\t\t<iframe loading=\"lazy\"\n\t\t\t\t\tsrc=\"https:\/\/maps.google.com\/maps?q=R.%20Ibiuna%2C%20147%20-%20Jardim%20Santo%20Eduardo%2C%20Embu%20das%20Artes%20-%20SP%2C%2006824-020&#038;t=m&#038;z=10&#038;output=embed&#038;iwloc=near\"\n\t\t\t\t\ttitle=\"R. Ibiuna, 147 - Jardim Santo Eduardo, Embu das Artes - SP, 06824-020\"\n\t\t\t\t\taria-label=\"R. Ibiuna, 147 - Jardim Santo Eduardo, Embu das Artes - SP, 06824-020\"\n\t\t\t><\/iframe>\n\t\t<\/div>\n\t\t\t\t\t\t<\/div>\n\t\t\t\t<\/div>\n\t\t<div class=\"elementor-element elementor-element-0742788 e-con-full e-flex e-con e-parent\" data-id=\"0742788\" data-element_type=\"container\" data-e-type=\"container\" data-settings=\"{&quot;background_background&quot;:&quot;classic&quot;}\">\n\t\t\t\t<div class=\"elementor-element elementor-element-3283022 elementor-widget elementor-widget-spacer\" data-id=\"3283022\" data-element_type=\"widget\" data-e-type=\"widget\" data-widget_type=\"spacer.default\">\n\t\t\t\t\t\t\t<div class=\"elementor-spacer\">\n\t\t\t<div class=\"elementor-spacer-inner\"><\/div>\n\t\t<\/div>\n\t\t\t\t\t\t<\/div>\n\t\t\t\t<div class=\"elementor-element elementor-element-f2e45e6 elementor-widget elementor-widget-heading\" data-id=\"f2e45e6\" data-element_type=\"widget\" data-e-type=\"widget\" data-widget_type=\"heading.default\">\n\t\t\t\t\t<h2 class=\"elementor-heading-title elementor-size-default\">Unidade<br>Santa Catarina<\/h2>\t\t\t\t<\/div>\n\t\t\t\t<div class=\"elementor-element elementor-element-143cd22 elementor-widget__width-initial elementor-widget elementor-widget-text-editor\" data-id=\"143cd22\" data-element_type=\"widget\" data-e-type=\"widget\" data-widget_type=\"text-editor.default\">\n\t\t\t\t\t\t\t\t\t<p>Situada no bairro Ch\u00e1caras S\u00e3o Marcos, a unidade Santa Catarina mant\u00e9m a tradi\u00e7\u00e3o de uma escola particular que combina cuidado, prop\u00f3sito e excel\u00eancia acad\u00eamica. Um espa\u00e7o preparado para acompanhar cada fase da inf\u00e2ncia e do Fundamental, com ambientes seguros, equipe dedicada e um olhar atento ao desenvolvimento integral dos alunos.<\/p>\t\t\t\t\t\t\t\t<\/div>\n\t\t\t\t<div class=\"elementor-element elementor-element-9dda0b9 elementor-button-info elementor-widget elementor-widget-button\" data-id=\"9dda0b9\" data-element_type=\"widget\" data-e-type=\"widget\" data-widget_type=\"button.default\">\n\t\t\t\t\t\t\t\t\t\t<a class=\"elementor-button elementor-button-link elementor-size-sm elementor-animation-pulse\" href=\"https:\/\/siga02.activesoft.com.br\/captacao_alunos\/?codigo=ESCOLACONFESSIONAL&#038;unidade=2\">\n\t\t\t\t\t\t<span class=\"elementor-button-content-wrapper\">\n\t\t\t\t\t\t\t\t\t<span class=\"elementor-button-text\">AGENDAR VISITA<\/span>\n\t\t\t\t\t<\/span>\n\t\t\t\t\t<\/a>\n\t\t\t\t\t\t\t\t<\/div>\n\t\t\t\t<div class=\"elementor-element elementor-element-fc5fd27 elementor-widget elementor-widget-google_maps\" data-id=\"fc5fd27\" data-element_type=\"widget\" data-e-type=\"widget\" data-widget_type=\"google_maps.default\">\n\t\t\t\t\t\t\t<div class=\"elementor-custom-embed\">\n\t\t\t<iframe loading=\"lazy\"\n\t\t\t\t\tsrc=\"https:\/\/maps.google.com\/maps?q=R.%20S%C3%A3o%20Bernardo%2C%20442%20-%20Ch%C3%A1caras%20S%C3%A3o%20Marcos%2C%20Embu%20das%20Artes%20-%20SP%2C%2006814-090&#038;t=m&#038;z=10&#038;output=embed&#038;iwloc=near\"\n\t\t\t\t\ttitle=\"R. S\u00e3o Bernardo, 442 - Ch\u00e1caras S\u00e3o Marcos, Embu das Artes - SP, 06814-090\"\n\t\t\t\t\taria-label=\"R. S\u00e3o Bernardo, 442 - Ch\u00e1caras S\u00e3o Marcos, Embu das Artes - SP, 06814-090\"\n\t\t\t><\/iframe>\n\t\t<\/div>\n\t\t\t\t\t\t<\/div>\n\t\t\t\t<\/div>\n\t\t<div class=\"elementor-element elementor-element-455706f e-con-full e-flex e-con e-parent\" data-id=\"455706f\" data-element_type=\"container\" data-e-type=\"container\" data-settings=\"{&quot;background_background&quot;:&quot;classic&quot;}\">\n\t\t\t\t<div class=\"elementor-element elementor-element-9dd387a elementor-widget elementor-widget-spacer\" data-id=\"9dd387a\" data-element_type=\"widget\" data-e-type=\"widget\" data-widget_type=\"spacer.default\">\n\t\t\t\t\t\t\t<div class=\"elementor-spacer\">\n\t\t\t<div class=\"elementor-spacer-inner\"><\/div>\n\t\t<\/div>\n\t\t\t\t\t\t<\/div>\n\t\t\t\t<div class=\"elementor-element elementor-element-782808c elementor-widget elementor-widget-heading\" data-id=\"782808c\" data-element_type=\"widget\" data-e-type=\"widget\" data-widget_type=\"heading.default\">\n\t\t\t\t\t<h2 class=\"elementor-heading-title elementor-size-default\">Unidade <br>S\u00e3o Francisco<\/h2>\t\t\t\t<\/div>\n\t\t\t\t<div class=\"elementor-element elementor-element-a8a9c3d elementor-widget elementor-widget-text-editor\" data-id=\"a8a9c3d\" data-element_type=\"widget\" data-e-type=\"widget\" data-widget_type=\"text-editor.default\">\n\t\t\t\t\t\t\t\t\t<p>Localizada no Jardim Henriqueta, em Tabo\u00e3o da Serra, esta unidade oferece um ambiente seguro, acolhedor e preparado para acompanhar o desenvolvimento das crian\u00e7as com inten\u00e7\u00e3o, prop\u00f3sito e excel\u00eancia. Um espa\u00e7o pensado para as fam\u00edlias que buscam uma escola particular com valores s\u00f3lidos, educa\u00e7\u00e3o de qualidade e presen\u00e7a no dia a dia dos alunos.<\/p>\t\t\t\t\t\t\t\t<\/div>\n\t\t\t\t<div class=\"elementor-element elementor-element-1e074b5 elementor-widget elementor-widget-button\" data-id=\"1e074b5\" data-element_type=\"widget\" data-e-type=\"widget\" data-widget_type=\"button.default\">\n\t\t\t\t\t\t\t\t\t\t<a class=\"elementor-button elementor-button-link elementor-size-sm elementor-animation-pulse\" href=\"https:\/\/siga02.activesoft.com.br\/captacao_alunos\/?codigo=ESCOLACONFESSIONAL&#038;unidade=4\">\n\t\t\t\t\t\t<span class=\"elementor-button-content-wrapper\">\n\t\t\t\t\t\t\t\t\t<span class=\"elementor-button-text\">AGENDAR VISITA<\/span>\n\t\t\t\t\t<\/span>\n\t\t\t\t\t<\/a>\n\t\t\t\t\t\t\t\t<\/div>\n\t\t\t\t<div class=\"elementor-element elementor-element-79a7ca7 elementor-widget elementor-widget-google_maps\" data-id=\"79a7ca7\" data-element_type=\"widget\" data-e-type=\"widget\" data-widget_type=\"google_maps.default\">\n\t\t\t\t\t\t\t<div class=\"elementor-custom-embed\">\n\t\t\t<iframe loading=\"lazy\"\n\t\t\t\t\tsrc=\"https:\/\/maps.google.com\/maps?q=Estr.%20S%C3%A3o%20Francisco%2C%201285%20-%20Jardim%20Henriqueta%2C%20Tabo%C3%A3o%20da%20Serra%20-%20SP%2C%2006764-290&#038;t=m&#038;z=10&#038;output=embed&#038;iwloc=near\"\n\t\t\t\t\ttitle=\"Estr. S\u00e3o Francisco, 1285 - Jardim Henriqueta, Tabo\u00e3o da Serra - SP, 06764-290\"\n\t\t\t\t\taria-label=\"Estr. S\u00e3o Francisco, 1285 - Jardim Henriqueta, Tabo\u00e3o da Serra - SP, 06764-290\"\n\t\t\t><\/iframe>\n\t\t<\/div>\n\t\t\t\t\t\t<\/div>\n\t\t\t\t<div class=\"elementor-element elementor-element-9c43b5f elementor-widget elementor-widget-spacer\" data-id=\"9c43b5f\" data-element_type=\"widget\" data-e-type=\"widget\" data-widget_type=\"spacer.default\">\n\t\t\t\t\t\t\t<div class=\"elementor-spacer\">\n\t\t\t<div class=\"elementor-spacer-inner\"><\/div>\n\t\t<\/div>\n\t\t\t\t\t\t<\/div>\n\t\t\t\t<\/div>\n\t\t\t\t<\/div>\n\t\t","protected":false},"excerpt":{"rendered":"<p>Unidade Paulo VI Localizada no cora\u00e7\u00e3o de Embu das Artes, a unidade Paulo VI est\u00e1 em uma regi\u00e3o central, de f\u00e1cil acesso e muito conhecida pelas fam\u00edlias da cidade. Um espa\u00e7o pensado para oferecer seguran\u00e7a, acolhimento e qualidade no aprender com ambientes preparados para cada etapa e uma equipe que acompanha de perto o desenvolvimento [&hellip;]<\/p>\n","protected":false},"author":1,"featured_media":0,"parent":0,"menu_order":0,"comment_status":"closed","ping_status":"closed","template":"elementor_header_footer","meta":{"footnotes":""},"class_list":["post-59","page","type-page","status-publish","hentry"],"_links":{"self":[{"href":"https:\/\/escolaconfessional.com\/index.php?rest_route=\/wp\/v2\/pages\/59","targetHints":{"allow":["GET"]}}],"collection":[{"href":"https:\/\/escolaconfessional.com\/index.php?rest_route=\/wp\/v2\/pages"}],"about":[{"href":"https:\/\/escolaconfessional.com\/index.php?rest_route=\/wp\/v2\/types\/page"}],"author":[{"embeddable":true,"href":"https:\/\/escolaconfessional.com\/index.php?rest_route=\/wp\/v2\/users\/1"}],"replies":[{"embeddable":true,"href":"https:\/\/escolaconfessional.com\/index.php?rest_route=%2Fwp%2Fv2%2Fcomments&post=59"}],"version-history":[{"count":22,"href":"https:\/\/escolaconfessional.com\/index.php?rest_route=\/wp\/v2\/pages\/59\/revisions"}],"predecessor-version":[{"id":619,"href":"https:\/\/escolaconfessional.com\/index.php?rest_route=\/wp\/v2\/pages\/59\/revisions\/619"}],"wp:attachment":[{"href":"https:\/\/escolaconfessional.com\/index.php?rest_route=%2Fwp%2Fv2%2Fmedia&parent=59"}],"curies":[{"name":"wp","href":"https:\/\/api.w.org\/{rel}","templated":true}]}}